ple of 57?
False
Let l(m) = 94*m + 2366. Is l(0) a multiple of 38?
False
Let z(j) be the third derivative of j**6/120 + 2*j**5/15 - 5*j**4/24 - j**3/2 + j**2. Is 13 a factor of z(-8)?
False
Let f = -569 + 662. Is 6 a factor of f?
False
Let b(l) = 4*l**2 + 318. Let s be b(0). Is s/5 + (-2 - (-60)/25) a multiple of 8?
True
Suppose 19140 = 87*l - 27*l. Is 7 a factor of l?
False
Let r = -1519 - -2167. Does 12 divide r?
True
Suppose 47*u = 44*u + 1320. Is 11 a factor of u?
True
Let c(w) be the first derivative of 17*w**2/2 - 40*w + 2. Is c(11) a multiple of 17?
False
Suppose 18*s - 19*s + 11 = 0. Suppose q - s = 21. Is q a multiple of 32?
True
Let c(k) = -k**3 + 6*k**2 + 3*k - 6. Let y be c(6). Is 5 a factor of (-4)/(y/(-3))*7*5?
True
Suppose -3*f = w - 105 + 14, 4*f - 153 = 5*w. Is f a multiple of 16?
True
Let l = -9 - -17. Let p(c) = c**2 - 7*c + 15. Let k be p(4). Suppose -l*z + 220 = -k*z. Is z a multiple of 11?
True
Suppose 7*m - 114 = 4*m. Let v = m + -14. Does 12 divide v?
True
Suppose 4*p + 3*f - 21 = 11, 21 = 3*p + 3*f. Let r = 13 - p. Is (r + -1)*14 - -4 a multiple of 14?
False
Let j = -15 - -13. Is 12 a factor of ((-6)/(-4))/(j/(-32))?
True
Suppose -v + 4*k + 3497 = 0, -k - 990 = 5*v - 18370. Is v a multiple of 10?
False
Let c(q) = q. Let s(h) = -12*h + 3. Let n(g) = -c(g) - s(g). Is n(5) a multiple of 26?
True
Let b = 3 - -9. Suppose -b*h + 8*h + 308 = 0. Does 11 divide h?
True
Let w be 20/6 - 2/(-3). Let g(k) = -10*k + 10. Let h be g(-6). Suppose v + w*v = h. Does 14 divide v?
True
Let p(x) = -7*x + 73. Is p(6) a multiple of 31?
True
Let h be ((-6)/(-4))/((-9)/4044). Let t = 440 + h. Is (2/(-4))/(9/t) a multiple of 8?
False
Suppose 0*q + 6 = 3*q. Suppose 4*x - 2 = q*x. Is 10 a factor of (-9 - -10) + 19/x?
True
Suppose -3 = d - 2. Let q be (3 - (3 - d)) + 33. Is 16 a factor of 7/((-28)/q)*-2?
True
Let j be 2/6 + 8/3. Does 9 divide (j*-4)/(3/(-9))?
True
Let t = -7 + 4. Let m be 1*-2 - (1 - t). Does 7 divide (-154)/m + 4/(-6)?
False
Let s(a) = -3*a + 115. Does 2 divide s(34)?
False
Suppose -3*n - 237 = 4*a, 10*a = -5*n + 8*a - 409. Let b be (-908)/6 + 2/6. Let j = n - b. Is j a multiple of 17?
True
Suppose i - 86 = -i. Let y = 115 + -96. Let r = i - y. Does 24 divide r?
True
Suppose -2*u - 26 = -7*u + 2*m, -22 = -3*u - 2*m. Suppose -241 = -u*f + 389. Is f a multiple of 15?
True
Suppose 13*o - 2554 = 7170. Is 44 a factor of o?
True
Let y(f) = 19*f**3 + 1. Let k be y(1). Suppose j = -j + k. Is 5 a factor of (0 + 14)*j/20?
False
Suppose 6 = m + 3. Suppose 7*n = m*n. Is 24*(-1 + n + 2) a multiple of 12?
True
Suppose 0 = -c - c - 28. Let m = c - -16. Does 15 divide 99*(4/6)/m?
False
Let b = 815 + -26. Does 48 divide b?
False
Let n = 34 + -34. Suppose -p + 6 = -n. Is p even?
True
Let l = 516 - 286. Does 40 divide 3 + -5 + 3 + l?
False
Let y(k) = -6*k**2 - k - 8. Let q(c) = 7*c**2 + 7. Let d(n) = -4*q(n) - 5*y(n). Is 27 a factor of d(-6)?
True
Suppose 7*u - 20 = 92. Let y = 19 - u. Is y a multiple of 3?
True
Suppose -3*m + 15 = -0*m. Let g(i) = i**2 - 20. Let j be g(5). Let z = m + j. Does 9 divide z?
False
Let c be 46/((40/(-44))/5). Is 46/c - 277/(-11) a multiple of 6?
False
Suppose -2*p - 4*r - 2 = 0, 4*p + 5*r + 0 = 5. Suppose -2*l + 3*l - p*g - 42 = 0, -l + 3*g + 32 = 0. Does 4 divide l?
False
Suppose 18*s + 0*s = 5940. Is 7 a factor of s?
False
Let b(v) be the first derivative of v**3/3 + v**2/2 - 6*v - 1. Suppose 2*c - f - 26 = -2*c, -3*c = -f - 20. Is b(c) a multiple of 9?
True
Let o(d) = -d - 3. Let k be o(-6). Suppose -3*i = -k - 3. Suppose 0 = 5*b - i*b - 60. Is b a multiple of 17?
False
Suppose 63*i = 95*i - 61504. Is 62 a factor of i?
True
Let u = 89 + 74. Let a = u - 100. Is 13 a factor of a?
False
Suppose 6*m + 4 = 8*m. Let q be 4 - (m - -1 - 3). Suppose 4*x - 184 = -q*l, 2*l - 4*l + 80 = -4*x. Is l a multiple of 15?
False
Let l(c) be the first derivative of -33*c**2/2 + 15*c + 3. Is 14 a factor of l(-6)?
False
Let l(v) = -v**3 - v**2 + 3*v + 3. Let u be l(-2). Let h(z) = 27*z + 1. Let a be h(u). Let f = a + 11. Is 18 a factor of f?
False
Suppose -8*d - 21 = -d. Let b(y) = -y**3 + y**2 + 6*y + 8. Does 4 divide b(d)?
False
Suppose 2*m = 5*s - 319, 0 = -0*s + 3*s - 5*m - 180. Suppose 5*n = 5*o - s, -2*o - n = -7 - 25. Is o a multiple of 15?
True
Let i(m) = m**2 + 6*m + 87. Does 12 divide i(26)?
False
Let l = 961 + -121. Does 24 divide l?
True
Let b be 67 - (-2 + 0/5). Let x = b - -16. Is 17 a factor of x?
True
Suppose -2*p + 3*p = 54. Let d = p - 39. Is d a multiple of 9?
False
Let r(b) = -b**2 - 2*b - 32. Let k(w) = -w**2 - w - 32. Let v(o) = -3*k(o) + 2*r(o). Does 9 divide v(0)?
False
Let b = -12 - -24. Let r be (b/30)/((-2)/100). Let y = r + 43. Does 23 divide y?
True
Let z(y) = -52*y + 2. Let t be z(1). Is 5 a factor of (t/15)/(2 - 56/27)?
True
Suppose 3025 = 3*n + 5*q, -5*n + 277 + 4698 = -5*q. Does 83 divide n?
False
Let x(h) = -2*h**3 - 2*h - 1. Suppose -5*t + 2 - 7 = 0. Let s be x(t). Suppose 0 = 3*y - s, -61 = 3*f - 6*f + 5*y. Does 11 divide f?
True
Let g = -806 + 321. Let t = -331 - g. Let y = t - 79. Is y a multiple of 15?
True
Suppose 0 = -3*t + 6*t - 5*f - 720, 5*t - 2*f - 1181 = 0. Does 7 divide t?
False
Suppose u + s = -10, 3*u + 10*s + 26 = 5*s. Let h(a) = -11*a - 6. Let b be h(u). Suppose -12*l + 10*l = -b. Is l a multiple of 21?
True
Suppose 151 = 13*i - 96. Suppose i*o = 14*o + 220. Is o a multiple of 7?
False
Suppose 259 = 5*m + 3*n + 1124, 3*n = 0. Let p = m + 339. Does 33 divide p?
False
Let j(f) = 12*f - 63. Suppose -2*t + 11 = -5*z - 42, -4*t + z + 61 = 0. Is 15 a factor of j(t)?
True
Suppose -9*o = -2*o - 3423. Let u = o - 343. Is u a multiple of 15?
False
Let p(x) = 11*x**3 + x**2 - x + 1. Is 4 a factor of p(1)?
True
Let p(m) be the first derivative of m**4/4 - 2*m**3/3 - 3*m**2/2 - 9*m + 16. Is p(6) a multiple of 9?
True
Let g be (-4)/(-6)*(1 + 8). Let y = 46 - 44. Suppose y*m + 16 = g*m. Is m even?
True
Let i(f) = -70*f - 50. Is 46 a factor of i(-4)?
True
Let p(z) = -13*z**2 + 35*z - 26. Let x(f) = 7*f**2 - 18*f + 13. Let v(n) = 6*p(n) + 11*x(n). Does 7 divide v(9)?
True
Let p(t) = 2*t + 7. Let c be p(-5). Does 5 divide (45/c)/(3/(-5))?
True
Let k(n) = -4*n - 15. Let l be k(-8). Let y be ((-1)/(-2))/((-1)/26). Let h = l + y. Does 4 divide h?
True
Suppose -5*c - 46 = -3*f + 2*f, c - 106 = -3*f. Let u = 43 - f. Is u a multiple of 4?
False
Let d be 544/(-30) + 10/75. Let t be (-9)/d + 147/2. Is 2*(-3 - t/(-4)) a multiple of 26?
False
Suppose 3*o = -n + 24, 4*n + n - o = 72. Let a(s) = -s + 39. Is 24 a factor of a(n)?
True
Let a(w) = w**3 + 6*w**2 - 7*w. Let r be a(-7). Suppose 5 = -5*g, -3*g - 6 = -2*k + 33. Let n = r + k. Does 5 divide n?
False
Let j be -4*(20/(-4) + 3). Suppose j*l - 552 = 8. Is 35 a factor of l?
True
Let n = -7582 - -11397. Is 35 a factor of n?
True
Suppose -32 = 3*l + 5*k, 2*l + 5*k + 28 = -0*l. Is 3 a factor of (80/14 + l)/(2/21)?
True
Suppose 6 = -2*v - 2*x - 0, -3*v - 4*x = 14. Suppose o = v*l - 267, 3*l + 2*l - 684 = -3*o. Suppose -5*n + 0*f = 4*f - 174, 4*n - l = f. Is n a multiple of 17?
True
Let p = -34 + 36. Suppose 0 = -4*m - f + 302, -m + p*f = 4*m - 384. Suppose m = 4*c + 4*b, 2*b = -4*c + c + 54. Is c a multiple of 7?
False
Let x(u) = 6*u - 122. Is x(23) a multiple of 16?
True
Let s be (1*4)/(2 - 0). Suppose 21 = -s*h - h. Let o(q) = q**2 + 4*q + 1. Does 10 divide o(h)?
False
Suppose 4*p - 720 = -3*t, -480 = -2*t - 8*p + 3*p. Does 5 divide t?
True
Let r(k) = 221*k**2 + 12*k - 8. Is 7 a factor of r(3)?
False
Suppose -5*t - 26 + 161 = 5*n, 0 = 5*t - 20. Suppose n*z = 28*z. Let c = 9 + z. Does 3 divide c?
True
Let p(y) = -y**3 - 8*y**2 + 4*y - 6. Let x = 1 + -10. Let m be p(x). Let u = m + -6. Is u a multiple of 12?
False
Let r(j) = -8*j**3 + 2*j**2 + 2*j + 1. Let c be r(-1). Let d = c + -4. Suppose 310 = 3*t + 2*t - d*w, 5*w + 10 = 0. Is t a multiple of 14?
False
Let f(j) = 9*j - 39. Suppose 10 + 70 = 8*h. Is f(h) a multiple of 44?
False
Let f = 76 - -17. Does 7 divide f*(24/9 - 2)?
False
Let q be (-8)/(4/1) - -4. Suppose 52 = 4*w - 5*u, -w + 52 = 3*w + q*u. Is w a multiple of 13?
True
Does 11 divide 10/3 + -4 - 6344/(-12)?
True
Suppose 2*a = 19 + 117. Let p = 135 + a. Is 12 a factor of p?
False
Let a = 3143 - 1687. Is a a multiple of 13?
True
Let f(t) = -2*t**3 - 3*t**2 -